{"id":350,"date":"2019-07-17T14:42:50","date_gmt":"2019-07-17T12:42:50","guid":{"rendered":"http:\/\/www.asmonlus.it\/?page_id=350"},"modified":"2022-06-29T15:56:54","modified_gmt":"2022-06-29T13:56:54","slug":"la_storia","status":"publish","type":"page","link":"http:\/\/asmonlus.it\/index.php\/la_storia\/","title":{"rendered":"La Storia"},"content":{"rendered":"<div  style='height:10px' class='hr hr-invisible   avia-builder-el-0  el_before_av_section  avia-builder-el-no-sibling '><span class='hr-inner ' ><span class='hr-inner-style'><\/span><\/span><\/div>\n<\/div><\/div><\/div><!-- close content main div --><\/div><\/div><div id='av_section_1'  class='avia-section main_color avia-section-default avia-no-border-styling avia-bg-style-scroll  avia-builder-el-1  el_after_av_hr  el_before_av_textblock   av-minimum-height av-minimum-height-custom  container_wrap fullsize' style='background-color: #afd6b0;  '  ><div class='container' style='height:70px'><div class='template-page content  av-content-full alpha units'><div class='post-entry post-entry-type-page post-entry-350'><div class='entry-content-wrapper clearfix'><div  style='padding-bottom:10px; ' class='av-special-heading av-special-heading-h3    avia-builder-el-2  avia-builder-el-no-sibling  '><h3 class='av-special-heading-tag '  itemprop=\"headline\"  >La storia dell\u2019Associazione<\/h3><div class='special-heading-border'><div class='special-heading-inner-border' ><\/div><\/div><\/div><\/div><\/div><\/div><!-- close content main div --><\/div><\/div><div id='after_section_1'  class='main_color av_default_container_wrap container_wrap fullsize' style=' '  ><div class='container' ><div class='template-page content  av-content-full alpha units'><div class='post-entry post-entry-type-page post-entry-350'><div class='entry-content-wrapper clearfix'>\n<section class=\"av_textblock_section \"  itemscope=\"itemscope\" itemtype=\"https:\/\/schema.org\/CreativeWork\" ><div class='avia_textblock  '  style='font-size:14px; '  itemprop=\"text\" ><p>L\u2019 Associazione Italiana per lo Studio delle Malformazioni\u00a0 (ASM) nasce a Milano nel 1981 per volont\u00e0 di un gruppo di autorevoli medici e studiosi, fra i quali i professori Giovanni Battista Candiani, Direttore di Specialit\u00e0 in Ginecologia dell&#8217;Universit\u00e0 di Milano, Francesco Cefis (Presidente), Primario di Anatomia e Istologia Patologica degli ICP di Milano, Franco Mussinelli, Primario della Divisione di Chirurgia Plastica Ricostruttiva degli ICP di Milano, Antonio Ottaviani, Professore di Cattedra di Otorinolaringoiatria dell&#8217;Universit\u00e0 di Milano, Giuseppe Zaffaroni, Primario di Chirurgia Infantile degli ICP di Milano.<\/p>\n<p>Sollecitata anche dalle ricadute sanitarie sul concepimento determinate dal grave inquinamento da diossina verificatosi a Seveso nel 1976, l&#8217;Associazione si pone fin dall&#8217;inizio un obiettivo di vasto respiro, che rimarr\u00e0 la sua missione anche negli anni successivi: divulgare nell&#8217;opinione pubblica le conoscenze scientifiche pi\u00f9 avanzate, per favorire la prevenzione e la cura delle malattie congenite e per contribuire alla formazione di una cultura diffusa che respinga la disinformazione e i pregiudizi. Incentivando, nel contempo, la ricerca delle cause che determinano le malformazioni congenite. In tale ottica si collocano le prime iniziative della neonata Associazione, messe in atto gi\u00e0 dal <strong>1980<\/strong>: come <strong>l&#8217;apertura<\/strong>, presso gli Istituti Clinici di Perfezionamento di Milano, <strong>di un Consultorio genetico<\/strong>, cui potessero fare riferimento gratuitamente le coppie con problemi in materia, contestualmente al potenziamento del Laboratorio di Citogenetica sito nella stessa struttura. Nel <strong>1982<\/strong> si registra <strong>l\u2019avvio della pubblicazione di un foglio informativo trimestrale, \u201cNotizie ASM\u201d<\/strong> che rappresenter\u00e0 un elemento di costante raccordo comunicativo tra ASM e il pubblico dei cittadini sensibili al problema.<\/p>\n<p>Nel <strong>1983 <\/strong>ASM prosegue la propria attivit\u00e0 sotto l&#8217;impulso di un <strong>Comitato Scientifico<\/strong> che comprende, oltre ai soci fondatori, specialisti di chiara fama, come i Professori Giorgio Agrifoglio, Marcello Cesa Bianchi, Giorgio Pardi, Pierpaolo Mastrojacovo, Giuseppe Simoni, Marco Fraccaro, ai quali si aggiungeranno in seguito i Professori Bruno Dallapiccola, Generoso Andria, Ernesto Caronni e Armido Rubino.<br \/>L&#8217;Associazione inaugura sempre agli Istituti Clinici di Perfezionamento di Milano, <strong>un ambulatorio gratuito per la diagnosi e la terapia delle malformazioni<\/strong>, indirizzato ai bambini fino a tre mesi d\u2019et\u00e0. Nel <strong>1985<\/strong> prende il via un <strong>ambulatorio per il corretto uso dei farmaci in gravidanza, destinato a trasformarsi, tre anni dopo, nel Telefono Rosso<\/strong>, il servizio telefonico di consulenza medica gratuita sulla salute in gravidanza e sui rischi riproduttivi che, negli anni successivi, fornir\u00e0 a decine di migliaia di donne l&#8217;aiuto dei pi\u00f9 validi specialisti. Il <strong>1987<\/strong> porta con s\u00e8 un\u2019importante realizzazione: <strong>il \u201cManuale per la prevenzione, diagnosi e terapia delle malformazioni congenite\u201d<\/strong>, frutto dell&#8217;opera di un selezionato gruppo di esperti riunito da ASM, e pensato per i medici di base, onde accrescerne la consapevolezza scientifica in materia. I risultati del crescente impegno profuso nel perseguire i propri scopi si avvertono: \u00e8 in gran parte grazie alle attivit\u00e0 di ASM che la diagnosi prenatale diviene una pratica diffusa, tanto che la villocentesi, un esame destinato alla routine nei tempi successivi, viene messa a punto a partire da una ricerca finanziata dall&#8217;Associazione.<\/p>\n<p>Si susseguono intanto, e non pi\u00f9 soltanto a Milano, le inaugurazioni di nuovi Centri ASM, mentre si organizzano convegni di alto livello scientifico e cresce il sostegno dell&#8217;opinione pubblica. Le risorse affluiscono all\u2019Associazione esclusivamente dai contributi volontari dei cittadini, senza che vi sia l&#8217;intervento di sovvenzioni pubbliche.<\/p>\n<p>Il <strong>1990<\/strong> vede fiorire numerosi nuovi programmi: spicca <strong>l&#8217;apertura degli 8 Centri Sindronet (Network di Sindromologia)<\/strong>, diffusi in tutta Italia, finalizzati alla consulenza genetica e all&#8217;assistenza ai pazienti, nonch\u00e9 al periodico scambio di esperienze fra gli specialisti. Viene poi operato un potenziamento del Telefono Rosso, che conta ora 4 postazioni: due a Roma, una a Milano e una a Torino. Ha inoltre inizio la produzione di monografie, dedicate alle singole anomalie congenite e chiamate a sostituire il Manuale del 1987, puntando a coinvolgere anche il pubblico dei genitori. Oltre a <strong>sostenere ricerche<\/strong> in citogenetica, ecografia, chirurgia infantile e neonatologia, ASM comincia a svolgere attivit\u00e0 di formazione e divulgazione in alcune Scuole superiori, nelle province di Milano e Varese.<\/p>\n<p>Nel <strong>1991<\/strong> sorgono in Lombardia, Lazio e Campania i <strong>Comitati regionali per la raccolta di fondi<\/strong>, presieduti dalla Signora Marinella Di Capua. \u00a0Nel 1992 il sodalizio accresce la propria visibilit\u00e0 con <strong>la campagna pubblicitaria ideata da Armando Testa<\/strong>, e vanta al proprio attivo <strong>tre nuovi programmi di ricerca<\/strong> (biologia molecolare, citogenetica, Sindrome di Down), <strong>l&#8217;apertura di tre nuovi Centri Sindronet <\/strong>e <strong>tre Convegni<\/strong>, dei quali uno internazionale in collaborazione con il CNR.<\/p>\n<p>Nel <strong>1993<\/strong> ASM lancia, grazie al supporto della <strong>Regione Lombardia<\/strong>, <strong>il progetto \u201cGenerazione Futuro\u201d<\/strong>, destinato a sensibilizzare gli allievi dell&#8217;ultimo anno delle Scuole superiori lombarde sulle problematiche legate alla genetica medica ed alla prevenzione delle malformazioni congenite: vengono coinvolti 30mila studenti. L&#8217;associazione aderisce inoltre alla \u201cAlleanza mondiale contro i difetti congeniti\u201d. Nel <strong>1994<\/strong> il progetto \u201cGenerazione Futuro\u201d <strong>si estende al Friuli Venezia Giulia<\/strong>, mentre le Borse di studio erogate da ASM al Telefono Rosso ed ai Centri di consulenza ammontano a 42. Si sciolgono nel frattempo i comitati regionali.<\/p>\n<p>Il <strong>1996 <\/strong>si caratterizza per <strong>la costituzione della Fondazione ASM per la Salute dell&#8217;Infanzia<\/strong> e per il coinvolgimento in \u201cGenerazione Futuro\u201d del Piemonte, del Molise, e delle province di Roma, Parma, Reggio Emilia e Lucca, per un totale di 424 scuole e 13.650 giovani interessati. Grazie alla collaborazione dell&#8217;ANCI, l&#8217;Associazione Nazionale Comuni Italiani, in molti centri, tra cui Milano e Bari, viene distribuito alle coppie che si sposano un opuscolo divulgativo predisposto da ASM. Si tengono quattro Convegni dedicati rispettivamente alla vicenda di Seveso vent&#8217;anni dopo, alla prevenzione dei difetti congeniti, alla Sindrome di Cornelia de Lange e alle Malformazioni Vascolari, mentre il Telefono Rosso si arricchisce di una nuova linea, Telefono G, dedicata espressamente alle problematiche gemellari.<\/p>\n<p>Durante il <strong>1997 <\/strong>ASM si fa promotrice e protagonista di numerose manifestazioni pubbliche, di genere sportivo, spettacolare e ricreativo. Nel febbraio del <strong>1999<\/strong>l\u2019Associazione organizza, insieme alla Provincia di Milano, un Convegno multidisciplinare sugli Angiomi e le Malformazioni Vascolari, nel corso del quale viene presentato un volume redatto da numerosi specialisti sulla materia.<\/p>\n<p>Nel giugno del <strong>1999 la signora Marinella di Capua succede al Professor Cefis alla guida dell&#8217;Associazione<\/strong>. Il rinnovato e qualificato <strong>Comitato Scientifico, diretto dal Professor Giorgio Pardi,<\/strong> allievo del Professor Candiani, vara nuovi programmi: nell\u2019aprile del <strong>2000<\/strong> viene ufficialmente <strong>inaugurato a Milano il Centro di chirurgia sperimentale del feto<\/strong>, unica struttura di tale genere in Italia \u00e8 tra le pi\u00f9 avanzate in Europa, attivato e operante grazie al finanziamento dell&#8217;Associazione. <strong>Il Telefono Rosso si trasforma in Filo Rosso<\/strong> e si trasferisce presso l&#8217;Ospedale San Paolo di Milano, mentre nel maggio del 2001 diviene operativa la nuova postazione del servizio dedicata specificatamente alle malattie genetiche, <strong>il Filo Rosso Genetico<\/strong>, con sede all&#8217;Ospedale \u201cCasa Sollievo della Sofferenza\u201d di San Giovanni Rotondo, sotto la responsabilit\u00e0 del Dottor Leopoldo Zelante.<\/p>\n<p>La potenziata struttura del Filo Rosso fa fronte ad un numero crescente di richieste, provenienti, nel 79% dei casi, direttamente dalle future mamme, che domandano soprattutto (64% del totale) chiarimenti sull&#8217;uso dei farmaci nei mesi dell&#8217;attesa. I dati sulle consulenze effettuate dagli specialisti di ASM mettono in evidenza una crescente consapevolezza del pubblico femminile riguardo alla necessit\u00e0 di informarsi precocemente: il 12% delle chiamate ha luogo in previsione di una gravidanza, mentre nell&#8217;\u00e0mbito dei quesiti posti dalle utenti che stanno gi\u00e0 aspettando un bambino, il 54,2% giunge da donne che stanno vivendo il primo trimestre di gestazione. Indicativa di tale tendenza \u00e8 pure la presenza di un 33% di pareri chiesti su determinati fattori di rischio prima ancora che sia avvenuta l\u2019esposizione a tali elementi.<\/p>\n<p>Nel <strong>2001<\/strong> ASM acquista e <strong>dona all\u2019Ospedale San Paolo di Milano un ecografo tridimensionale <\/strong>tecnologicamente all\u2019avanguardia. Oltre alle campagne di raccolta di fondi per provvedere i Reparti Maternit\u00e0 ospedalieri di queste sofisticate apparecchiature, l\u2019Associazione \u00e8 protagonista, nel primo decennio del nuovo millennio e negli anni successivi, di numerose iniziative finalizzate a coinvolgere l\u2019opinione pubblica nel sostegno ai suoi scopi istituzionali: concerti e cene di gala, spettacoli teatrali e musicali, gare sportive, manifestazioni librarie, bomboniere della solidariet\u00e0, collaborazioni con la grande distribuzione e con i negozi. Nel <strong>2003<\/strong> viene lanciata <strong>la prima edizione del \u201cDecalogo per una maternit\u00e0 serena\u201d<\/strong>, un opuscolo redatto dagli specialisti pi\u00f9 autorevoli in campo ostetrico-ginecologico che riassume in modo scientificamente rigoroso, ma agile e chiaro, le regole di base per vivere una gravidanza sicura. Nel <strong>2004<\/strong> viene <strong>avviata a Roma<\/strong>, presso l\u2019ospedale Fatebenefratelli Isola Tiberina, <strong>una nuova postazione del Filo Rosso<\/strong>, e nel <strong>2007<\/strong> inizia la sua attivit\u00e0 <strong>quella di Napoli<\/strong>, ubicata nel Policlinico Universitario Federico II. L\u2019anno \u00e8 per\u00f2 segnato dall\u2019improvvisa e prematura scomparsa del Professor Pardi, caposcuola della moderna ostetricia italiana, che lascia un grande vuoto anche in ASM, di cui era Direttore Scientifico. I progetti, tuttavia, non si fermano, in linea con lo spirito operativo e dinamico del grande medico e scienziato che ha onorato ASM con la sua vicinanza: nello stesso 2007 comincia ad operare, grazie al sostegno di Mediafriends Onlus e della \u201cFabbrica del Sorriso\u201d, il <strong>Centro Polispecialistico ASM per la diagnosi e la cura delle Malformazioni Vascolari congenite<\/strong>, situato presso la Casa di Cura S. Pio X di Milano. Grazie alla nuova struttura, i bambini affetti da queste anomalie possono essere trattati con le pi\u00f9 avanzate tecniche di terapia e chirurgia laser nell\u2019\u00e0mbito del Servizio Sanitario Nazionale. Nel <strong>2009<\/strong> il Centro sostenuto da ASM si arricchiscedi una sofisticata apparecchiatura laser di propriet\u00e0 di ASM. Nello stesso anno vede la luce una <strong>nuova edizione del \u201cDecalogo per una maternit\u00e0 serena\u201d<\/strong>, arricchita nei contenuti e rinnovata nella forma, con cui la pubblicazione raggiunger\u00e0 una diffusione, sempre gratuita, di due milioni di copie. Sempre nel 2009, viene intitolato al professor Pardi il Centro di Chirurgia Fetale Sperimentale da lui fondato, che \u00e8 oggi attivo come struttura di ricerca dell\u2019Universit\u00e0 degli Studi di Milano presso l\u2019Ospedale Sacco, con il nome di <strong>\u201cLaboratorio di Ricerca traslazionale Materno-Fetale Giorgio Pardi\u201d<\/strong>. Il centro, sostenuto negli anni anche da ASM, si propone di studiare i meccanismi alla base delle patologie fetali e di mettere a punto nuove terapie per la prevenzione delle malattie della gravidanza.<\/p>\n<p>Nel <strong>2010<\/strong>, dopo una campagna di raccolta fondi tra i soci, ASM dona all\u2019ospedale Sacco di Milano un avanzatissimo ecografo a quattro dimensioni. Nel <strong>2011<\/strong>, in occasione dei trent\u2019anni di attivit\u00e0, <strong>ASM commissiona ad Astra Ricerche una vasta e approfondita indagine sul rapporto delle future mamme con la loro salute<\/strong>, che traccia un interessante ed accurato profilo delle gestanti del Terzo Millennio. Nel <strong>2012<\/strong>, in collaborazione <strong>con Regione Lombardia, l\u2019Associazione<\/strong> <strong>allestisce un tram dedicato alle donne in attesa di un bambino, che percorre le vie di Milano<\/strong> mettendo a disposizione di coloro che sono in gravidanza le ginecologhe di ASM per rispondere ai loro quesiti. Nello stesso anno viene inaugurato anche grazie ad un finanziamento di ASM sostenuta da Mediafriends Onlus e dalla \u201cFabbrica del Sorriso\u201d, un Reparto Maternit\u00e0 all\u2019avanguardia in una delle regioni pi\u00f9 povere dell\u2019Ecuador, Esmeraldas, in cui i tassi di mortalit\u00e0 perinatale ed infantile sono fra i pi\u00f9 alti al mondo. \u00a0Intanto, ASM partecipa, in questi anni e in quelli successivi, a numerosi Congressi medico-scientifici nazionali ed internazionali, premiando anche giovani studiosi impegnati in progetti innovativi riguardanti le cause, la diagnosi e la terapia delle malattie congenite. <strong>Dal 2010 al 2013<\/strong> l\u2019Associazione lancia <strong>Bandi annuali<\/strong>, che sostengono, con finanziamenti di diversa entit\u00e0, giovani studiosi che lavorano a progetti di ricerca nel settore prenatale e neonatale. Nel <strong>2013<\/strong> vengono consegnate <strong>cinque avanzatissime incubatrici da trasporto per terapia intensiva neonatale<\/strong> ad altrettanti reparti ospedalieri in tutta Italia, dopo una raccolta di fondi dedicata tra i sostenitori di ASM.<\/p>\n<p>Nel <strong>2016<\/strong> si conclude con successo <strong>la campagna \u201c<em>Un ecografo ovunque e subito<\/em>\u201d,<\/strong> e sei Punti Nascita di altrettanti ospedali italiani ricevono da ASM un ecografo portatile di ultima generazione, grazie al cui monitoraggio sar\u00e0 possibile diminuire la percentuale di tagli cesarei. Nel <strong>2017<\/strong> ASM lancia <strong>la nuova campagna \u201c<em>Nascere per rinascere<\/em>\u201d, dedicata ai Reparti Maternit\u00e0 delle regioni dell\u2019Italia Centrale colpite dai violenti terremoti del 2016<\/strong>. I fondi raccolti tra i sostenitori dell\u2019Associazione e attraverso diversi eventi ed iniziative solidali vengono destinati all\u2019acquisto di ecografi portatili ed altri apparecchi diagnostici, con il fine di assicurare alle future mamme delle zone terremotate un\u2019assistenza medica di livello elevato, che favorisca la nascita dei loro bambini nei luoghi di origine, contrastando il rischio di abbandono di quelle terre e favorendone la rinascita. Nel <strong>2018<\/strong> e nel <strong>2019\u00a0<\/strong>sono consegnati all\u2019ospedale di Spoleto, danneggiato dal sisma, e a quello di Rieti, riferimento per le aree terremotate del Lazio, fra cui il Comune di Amatrice, due ecografi portatili, mentre a Spoleto giunge anche un cardiotocografo a tecnologia avanzata. Nello stesso 2019 viene immediatamente lanciata <strong>una nuova campagna di raccolta fondi<\/strong>,&#8221; Diamo respiro alla vita dei neonati prematuri&#8221;, finalizzata alla <strong>donazione di respiratori di ultima generazione ai reparti di terapia intensiva neonatale che assistono i neonati prematuri<\/strong>, per accrescere le probabilit\u00e0 di sopravvivenza dei bambini pi\u00f9 fragili, ossia di quei 30mila che ogni anno, in Italia, vedono la luce prima del tempo, i cui polmoni non sono abbastanza sviluppati per funzionare autonomamente. Si svolgono diversi eventi solidali a sostegno dell\u2019obiettivo, fra i quali un\u2019importante e riuscita asta benefica tutta al femminile, che si tiene il 20 novembre presso la Casa d\u2019Aste \u201cIl Ponte\u201d di Milano, con la partecipazione, in qualit\u00e0 di madrina, di Cristina Parodi.<\/p>\n<\/div><\/section>\n","protected":false},"excerpt":{"rendered":"","protected":false},"author":2,"featured_media":0,"parent":0,"menu_order":0,"comment_status":"closed","ping_status":"closed","template":"","meta":{"footnotes":""},"yoast_head":"<!-- This site is optimized with the Yoast SEO plugin v22.0 - https:\/\/yoast.com\/wordpress\/plugins\/seo\/ -->\n<title>La Storia - ASM Onlus<\/title>\n<meta name=\"description\" content=\"L\u2019 Associazione Italiana per lo Studio delle Malformazioni\u00a0 (ASM) nasce a Milano nel 1981 per volont\u00e0 di un gruppo di autorevoli medici e studiosi...\" \/>\n<meta name=\"robots\" content=\"index, follow, max-snippet:-1, max-image-preview:large, max-video-preview:-1\" \/>\n<link rel=\"canonical\" href=\"https:\/\/asmonlus.it\/index.php\/la_storia\/\" \/>\n<meta property=\"og:locale\" content=\"it_IT\" \/>\n<meta property=\"og:type\" content=\"article\" \/>\n<meta property=\"og:title\" content=\"La Storia - ASM Onlus\" \/>\n<meta property=\"og:description\" content=\"L\u2019 Associazione Italiana per lo Studio delle Malformazioni\u00a0 (ASM) nasce a Milano nel 1981 per volont\u00e0 di un gruppo di autorevoli medici e studiosi...\" \/>\n<meta property=\"og:url\" content=\"https:\/\/asmonlus.it\/index.php\/la_storia\/\" \/>\n<meta property=\"og:site_name\" content=\"ASM Onlus\" \/>\n<meta property=\"article:publisher\" content=\"https:\/\/www.facebook.com\/ASM-ONLUS-Associazione-Italiana-Studio-Malformazioni-234922936565638\" \/>\n<meta property=\"article:modified_time\" content=\"2022-06-29T13:56:54+00:00\" \/>\n<meta property=\"og:image\" content=\"http:\/\/asmonlus.it\/wp-content\/uploads\/2019\/03\/image.png\" \/>\n\t<meta property=\"og:image:width\" content=\"220\" \/>\n\t<meta property=\"og:image:height\" content=\"220\" \/>\n\t<meta property=\"og:image:type\" content=\"image\/png\" \/>\n<meta name=\"twitter:card\" content=\"summary_large_image\" \/>\n<meta name=\"twitter:label1\" content=\"Tempo di lettura stimato\" \/>\n\t<meta name=\"twitter:data1\" content=\"12 minuti\" \/>\n<script type=\"application\/ld+json\" class=\"yoast-schema-graph\">{\"@context\":\"https:\/\/schema.org\",\"@graph\":[{\"@type\":\"WebPage\",\"@id\":\"https:\/\/asmonlus.it\/index.php\/la_storia\/\",\"url\":\"https:\/\/asmonlus.it\/index.php\/la_storia\/\",\"name\":\"La Storia - ASM Onlus\",\"isPartOf\":{\"@id\":\"https:\/\/asmonlus.it\/#website\"},\"datePublished\":\"2019-07-17T12:42:50+00:00\",\"dateModified\":\"2022-06-29T13:56:54+00:00\",\"description\":\"L\u2019 Associazione Italiana per lo Studio delle Malformazioni\u00a0 (ASM) nasce a Milano nel 1981 per volont\u00e0 di un gruppo di autorevoli medici e studiosi...\",\"breadcrumb\":{\"@id\":\"https:\/\/asmonlus.it\/index.php\/la_storia\/#breadcrumb\"},\"inLanguage\":\"it-IT\",\"potentialAction\":[{\"@type\":\"ReadAction\",\"target\":[\"https:\/\/asmonlus.it\/index.php\/la_storia\/\"]}]},{\"@type\":\"BreadcrumbList\",\"@id\":\"https:\/\/asmonlus.it\/index.php\/la_storia\/#breadcrumb\",\"itemListElement\":[{\"@type\":\"ListItem\",\"position\":1,\"name\":\"Home\",\"item\":\"https:\/\/asmonlus.it\/\"},{\"@type\":\"ListItem\",\"position\":2,\"name\":\"La Storia\"}]},{\"@type\":\"WebSite\",\"@id\":\"https:\/\/asmonlus.it\/#website\",\"url\":\"https:\/\/asmonlus.it\/\",\"name\":\"ASM Onlus\",\"description\":\"\",\"publisher\":{\"@id\":\"https:\/\/asmonlus.it\/#organization\"},\"potentialAction\":[{\"@type\":\"SearchAction\",\"target\":{\"@type\":\"EntryPoint\",\"urlTemplate\":\"https:\/\/asmonlus.it\/?s={search_term_string}\"},\"query-input\":\"required name=search_term_string\"}],\"inLanguage\":\"it-IT\"},{\"@type\":\"Organization\",\"@id\":\"https:\/\/asmonlus.it\/#organization\",\"name\":\"ASM Onlus\",\"url\":\"https:\/\/asmonlus.it\/\",\"logo\":{\"@type\":\"ImageObject\",\"inLanguage\":\"it-IT\",\"@id\":\"https:\/\/asmonlus.it\/#\/schema\/logo\/image\/\",\"url\":\"http:\/\/asmonlus.it\/wp-content\/uploads\/2019\/03\/image.png\",\"contentUrl\":\"http:\/\/asmonlus.it\/wp-content\/uploads\/2019\/03\/image.png\",\"width\":220,\"height\":220,\"caption\":\"ASM Onlus\"},\"image\":{\"@id\":\"https:\/\/asmonlus.it\/#\/schema\/logo\/image\/\"},\"sameAs\":[\"https:\/\/www.facebook.com\/ASM-ONLUS-Associazione-Italiana-Studio-Malformazioni-234922936565638\",\"https:\/\/www.instagram.com\/asmonlus.it\",\"https:\/\/www.youtube.com\/channel\/UCHy1ALeK8g71u_JVC9mcvWQ\"]}]}<\/script>\n<!-- \/ Yoast SEO plugin. -->","yoast_head_json":{"title":"La Storia - ASM Onlus","description":"L\u2019 Associazione Italiana per lo Studio delle Malformazioni\u00a0 (ASM) nasce a Milano nel 1981 per volont\u00e0 di un gruppo di autorevoli medici e studiosi...","robots":{"index":"index","follow":"follow","max-snippet":"max-snippet:-1","max-image-preview":"max-image-preview:large","max-video-preview":"max-video-preview:-1"},"canonical":"https:\/\/asmonlus.it\/index.php\/la_storia\/","og_locale":"it_IT","og_type":"article","og_title":"La Storia - ASM Onlus","og_description":"L\u2019 Associazione Italiana per lo Studio delle Malformazioni\u00a0 (ASM) nasce a Milano nel 1981 per volont\u00e0 di un gruppo di autorevoli medici e studiosi...","og_url":"https:\/\/asmonlus.it\/index.php\/la_storia\/","og_site_name":"ASM Onlus","article_publisher":"https:\/\/www.facebook.com\/ASM-ONLUS-Associazione-Italiana-Studio-Malformazioni-234922936565638","article_modified_time":"2022-06-29T13:56:54+00:00","og_image":[{"width":220,"height":220,"url":"http:\/\/asmonlus.it\/wp-content\/uploads\/2019\/03\/image.png","type":"image\/png"}],"twitter_card":"summary_large_image","twitter_misc":{"Tempo di lettura stimato":"12 minuti"},"schema":{"@context":"https:\/\/schema.org","@graph":[{"@type":"WebPage","@id":"https:\/\/asmonlus.it\/index.php\/la_storia\/","url":"https:\/\/asmonlus.it\/index.php\/la_storia\/","name":"La Storia - ASM Onlus","isPartOf":{"@id":"https:\/\/asmonlus.it\/#website"},"datePublished":"2019-07-17T12:42:50+00:00","dateModified":"2022-06-29T13:56:54+00:00","description":"L\u2019 Associazione Italiana per lo Studio delle Malformazioni\u00a0 (ASM) nasce a Milano nel 1981 per volont\u00e0 di un gruppo di autorevoli medici e studiosi...","breadcrumb":{"@id":"https:\/\/asmonlus.it\/index.php\/la_storia\/#breadcrumb"},"inLanguage":"it-IT","potentialAction":[{"@type":"ReadAction","target":["https:\/\/asmonlus.it\/index.php\/la_storia\/"]}]},{"@type":"BreadcrumbList","@id":"https:\/\/asmonlus.it\/index.php\/la_storia\/#breadcrumb","itemListElement":[{"@type":"ListItem","position":1,"name":"Home","item":"https:\/\/asmonlus.it\/"},{"@type":"ListItem","position":2,"name":"La Storia"}]},{"@type":"WebSite","@id":"https:\/\/asmonlus.it\/#website","url":"https:\/\/asmonlus.it\/","name":"ASM Onlus","description":"","publisher":{"@id":"https:\/\/asmonlus.it\/#organization"},"potentialAction":[{"@type":"SearchAction","target":{"@type":"EntryPoint","urlTemplate":"https:\/\/asmonlus.it\/?s={search_term_string}"},"query-input":"required name=search_term_string"}],"inLanguage":"it-IT"},{"@type":"Organization","@id":"https:\/\/asmonlus.it\/#organization","name":"ASM Onlus","url":"https:\/\/asmonlus.it\/","logo":{"@type":"ImageObject","inLanguage":"it-IT","@id":"https:\/\/asmonlus.it\/#\/schema\/logo\/image\/","url":"http:\/\/asmonlus.it\/wp-content\/uploads\/2019\/03\/image.png","contentUrl":"http:\/\/asmonlus.it\/wp-content\/uploads\/2019\/03\/image.png","width":220,"height":220,"caption":"ASM Onlus"},"image":{"@id":"https:\/\/asmonlus.it\/#\/schema\/logo\/image\/"},"sameAs":["https:\/\/www.facebook.com\/ASM-ONLUS-Associazione-Italiana-Studio-Malformazioni-234922936565638","https:\/\/www.instagram.com\/asmonlus.it","https:\/\/www.youtube.com\/channel\/UCHy1ALeK8g71u_JVC9mcvWQ"]}]}},"_links":{"self":[{"href":"http:\/\/asmonlus.it\/index.php\/wp-json\/wp\/v2\/pages\/350"}],"collection":[{"href":"http:\/\/asmonlus.it\/index.php\/wp-json\/wp\/v2\/pages"}],"about":[{"href":"http:\/\/asmonlus.it\/index.php\/wp-json\/wp\/v2\/types\/page"}],"author":[{"embeddable":true,"href":"http:\/\/asmonlus.it\/index.php\/wp-json\/wp\/v2\/users\/2"}],"replies":[{"embeddable":true,"href":"http:\/\/asmonlus.it\/index.php\/wp-json\/wp\/v2\/comments?post=350"}],"version-history":[{"count":10,"href":"http:\/\/asmonlus.it\/index.php\/wp-json\/wp\/v2\/pages\/350\/revisions"}],"predecessor-version":[{"id":3431,"href":"http:\/\/asmonlus.it\/index.php\/wp-json\/wp\/v2\/pages\/350\/revisions\/3431"}],"wp:attachment":[{"href":"http:\/\/asmonlus.it\/index.php\/wp-json\/wp\/v2\/media?parent=350"}],"curies":[{"name":"wp","href":"https:\/\/api.w.org\/{rel}","templated":true}]}}